
84
What is the remainder when 650371 is divided by 2090?
381
Calculate the remainder when 6708279 is divided by 1341584.
359
What is the remainder when 358280 is divided by 1086?
986
What is the remainder when 2872193 is divided by 1038?
47
Calculate the remainder when 60480 is divided by 52790.
7690
What is the remainder when 274819522 is divided by 14?
12
What is the remainder when 101017 is divided by 4392?
1
What is the remainder when 421630 is divided by 231?
55
Calculate the remainder when 2829649 is divided by 70741.
9
Calculate the remainder when 36199517 is divided by 7147.
7109
Calculate the remainder when 1093062521 is divided by 13097.
13095
Calculate the remainder when 357772 is divided by 178762.
248
What is the remainder when 2281506 is divided by 1140750?
6
What is the remainder when 31117 is divided by 15079?
959
Calculate the remainder when 17609507 is divided by 5869812.
71
What is the remainder when 5483456 is divided by 118?
114
Calculate the remainder when 3011373 is divided by 149.
83
What is the remainder when 615052 is divided by 1156?
60
What is the remainder when 19346032 is divided by 723?
721
Calculate the remainder when 3792011 is divided by 49.
48
What is the remainder when 6014677 is divided by 2162?
2155
What is the remainder when 320227136 is divided by 4883?
4879
Calculate the remainder when 906073 is divided by 301902.
367
What is the remainder when 284087252 is divided by 71?
64
Calculate the remainder when 58916298 is divided by 55529.
29
Calculate the remainder when 9866467 is divided by 9936.
19
What is the remainder when 123626919 is divided by 83?
79
Calculate the remainder when 1446141 is divided by 482043.
12
Calculate the remainder when 2628059 is divided by 333.
23
What is the remainder when 7344318 is divided by 3672141?
36
Calculate the remainder when 20697457 is divided by 623.
151
What is the remainder when 55146213 is divided by 17?
15
What is the remainder when 28504 is divided by 1583?
10
What is the remainder when 156855 is divided by 495?
435
Calculate the remainder when 872831 is divided by 290916.
83
What is the remainder when 1671077 is divided by 2942?
21
What is the remainder when 1811544 is divided by 362307?
9
What is the remainder when 3405337 is divided by 81075?
187
Calculate the remainder when 5782054 is divided by 1789.
6
What is the remainder when 7259659 is divided by 12?
7
What is the remainder when 35242 is divided by 857?
105
What is the remainder when 10350086 is divided by 9316?
10
What is the remainder when 3537165 is divided by 6?
3
What is the remainder when 543468 is divided by 2052?
1740
Calculate the remainder when 6793270 is divided by 3540.
10
Calculate the remainder when 14422869 is divided by 154.
153
Calculate the remainder when 896309 is divided by 3409.
3151
Calculate the remainder when 1654093 is divided by 268.
265
Calculate the remainder when 224033 is divided by 15990.
173
What is the remainder when 975001 is divided by 974998?
3
Calculate the remainder when 1621242 is divided by 9006.
162
What is the remainder when 2045613 is divided by 869?
856
Calculate the remainder when 97708 is divided by 46193.
5322
Calculate the remainder when 340135 is divided by 806.
3
What is the remainder when 1046733 is divided by 171?
42
Calculate the remainder when 19937573 is divided by 291.
290
Calculate the remainder when 1007202 is divided by 117.
66
Calculate the remainder when 3994 is divided by 1032.
898
What is the remainder when 45839579 is divided by 113?
112
Calculate the remainder when 60352205 is divided by 718.
715
What is the remainder when 18411472 is divided by 6404?
6376
Calculate the remainder when 346899 is divided by 432.
3
Calculate the remainder when 29198 is divided by 1310.
378
What is the remainder when 266700 is divided by 467?
43
What is the remainder when 12824863 is divided by 57?
34
Calculate the remainder when 2426449 is divided by 65579.
26
What is the remainder when 49257532 is divided by 1472?
1468
What is the remainder when 46699000 is divided by 787?
781
Calculate the remainder when 4714219 is divided by 4516.
4031
What is the remainder when 1457842 is divided by 364453?
30
What is the remainder when 49705 is divided by 2417?
1365
Calculate the remainder when 86262686 is divided by 76.
26
Calculate the remainder when 2193006 is divided by 2192440.
566
Calculate the remainder when 14804 is divided by 14790.
14
What is the remainder when 1380156 is divided by 49?
22
What is the remainder when 789759 is divided by 1566?
495
Calculate the remainder when 41854 is divided by 13940.
34
What is the remainder when 7675804 is divided by 544?
508
What is the remainder when 644420 is divided by 111?
65
What is the remainder when 3876011 is divided by 8870?
8691
Calculate the remainder when 154502777 is divided by 688.
681
What is the remainder when 387262 is divided by 372?
10
Calculate the remainder when 10263576 is divided by 17.
13
Calculate the remainder when 64473622 is divided by 21491173.
103
Calculate the remainder when 201476 is divided by 8768.
8580
Calculate the remainder when 3138221 is divided by 1569110.
1
What is the remainder when 1644678 is divided by 328929?
33
Calculate the remainder when 1613579 is divided by 74.
9
Calculate the remainder when 6007398 is divided by 6007358.
40
What is the remainder when 1304040873 is divided by 818?
815
Calculate the remainder when 10108110 is divided by 80223.
12
Calculate the remainder when 6503103 is divided by 104.
87
What is the remainder when 177490 is divided by 88744?
2
What is the remainder when 1699819 is divided by 44?
11
What is the remainder when 60281 is divided by 29964?
353
What is the remainder when 6031804 is divided by 355?
354
What is the remainder when 595365 is divided by 297641?
83
What is the remainder when 12355 is divided by 851?
441
Calculate the remainder when 1199054583 is divided by 3458.
3457
Calculate the remainder when 47264500 is divided by 2872.
2868
Calculate the remainder when 146147 is divided by 146137.
10
Calculate the remainder when 100495657 is divided by 2923.
2917
Calculate the remainder when 4032284 is divided by 250.
34
What is the remainder when 37677521 is divided by 14?
7
What is the remainder when 40253615 is divided by 856459?
42
Calculate the remainder when 762965 is divided by 7407.
44
What is the remainder when 61298467 is divided by 2113740?
7
What is the remainder when 139301946 is divided by 46433978?
12
Calculate the remainder when 571660 is divided by 234.
232
Calculate the remainder when 30966145 is divided by 263.
262
What is the remainder when 431235 is divided by 431090?
145
What is the remainder when 1563667 is divided by 1340?
1227
What is the remainder when 1075276 is divided by 37063?
449
What is the remainder when 500257238 is divided by 5?
3
What is the remainder when 463474136 is divided by 30?
26
What is the remainder when 125674128 is divided by 48448?
16
Calculate the remainder when 982984 is divided by 1641.
25
What is the remainder when 3033161 is divided by 122?
119
What is the remainder when 392090 is divided by 473?
446
What is the remainder when 38544835 is divided by 35?
0
Calculate the remainder when 1437971 is divided by 458.
309
What is the remainder when 183600 is divided by 28?
4
Calculate the remainder when 1481847 is divided by 22117.
8
Calculate the remainder when 650266 is divided by 216732.
70
What is the remainder when 1837038 is divided by 262423?
77
What is the remainder when 7747764 is divided by 607?
16
Calculate the remainder when 295803 is divided by 883.
881
What is the remainder when 574053 is divided by 10793?
2024
Calculate the remainder when 8322406 is divided by 870.
856
Calculate the remainder when 9419211 is divided by 448532.
39
Calculate the remainder when 74508 is divided by 24270.
1698
Calculate the remainder when 50763033 is divided by 1450372.
13
Calculate the remainder when 26635164 is divided by 29529.
6
What is the remainder when 649909 is divided by 1410?
1309
What is the remainder when 2191926 is divided by 19?
10
Calculate the remainder when 502995553 is divided by 721.
718
Calculate the remainder when 16853069 is divided by 1228.
1225
Calculate the remainder when 142054325 